units digit of b(z)?
8
Suppose -5*g + 2823 = 2*v, 0 = -3*v - 9*g + 7*g + 4218. What is the thousands digit of v?
1
Let j = 86 + -35. Suppose -j = -2*z - 13. What is the units digit of z?
9
Let x = -9 + 13. Suppose 0 = -j + 2*j - 5. Let f = x + j. What is the units digit of f?
9
Suppose -701 - 671 = -4*d. What is the tens digit of d?
4
Let l(u) = u - 5. Let w be l(5). Let f = -6 - -23. Suppose w = 2*n - f + 5. What is the units digit of n?
6
Let z = 21 + 730. What is the tens digit of z?
5
Let l = -7 - -3. Let q be (-496)/24 - l/6. What is the tens digit of 6/10 + (-388)/q?
2
Suppose 4*y = y + 3*o + 900, 0 = 5*y - 3*o - 1498. Suppose 0 = -7*x + y + 380. What is the units digit of x?
7
Suppose 23*j - 3504 = 21*j. What is the units digit of j?
2
Let a = 35 + -28. Suppose -a*h = -h - 336. What is the tens digit of h?
5
Let c(y) = 33*y**2 + 10*y + 12. What is the hundreds digit of c(-3)?
2
Let h = -34 - -36. Suppose 5*g + h*c + 1 = -9, -5*g + 5*c + 25 = 0. Suppose g = 4*o + 5*u - 135, 6*o + u = 2*o + 123. What is the tens digit of o?
3
Let d(w) = w**2 - 8*w. Let h be d(-12). Suppose o - 5*a - 60 = 0, -4*a + 8*a = -4*o + h. What is the units digit of o?
0
Suppose 0*a - 3*a = 2*j - 25, a = 5*j - 37. Let b(u) = -4*u - 1 + 4*u**2 + u**2 - 4*u**2. What is the units digit of b(j)?
1
Suppose -7*n - v = -2*n - 22, v + 2 = n. Suppose 0 = n*x + 2*x. What is the tens digit of -4 - -4 - (x - 54)?
5
Suppose -3770 - 890 = -10*l. What is the units digit of l?
6
Suppose 0 = -188*i + 200*i - 37476. What is the hundreds digit of i?
1
Let p = 287 + -518. Let h = 416 + p. What is the hundreds digit of h?
1
What is the tens digit of (2/(-15) - 123/90)*-94?
4
Suppose -97 = k - 604. What is the units digit of k?
7
Let v be 3/5 + (-10)/(-25). What is the units digit of -2 + (v - -5 - 1)?
3
Suppose 0 = w + 3*u - 367, 0 = -4*u + 1 + 15. What is the units digit of w?
5
Suppose -8 = 38*k - 36*k. What is the hundreds digit of (-584)/k*12/8?
2
Suppose 0 = 3*i + 2*i - 5, 3*r = -4*i - 11. Let c be (-6)/r*20/8. Suppose -22 = -f + c. What is the tens digit of f?
2
Let f(m) = m**3 - 5*m**2 + 5*m - 2. Suppose 4*v + 1 + 3 = 0, 5*d + 5*v = 15. Let t be f(d). Suppose t*u - 67 + 3 = 0. What is the tens digit of u?
3
Let w = 1291 + -701. What is the units digit of w?
0
Let n be (-1)/((-3)/12) - 50. Let h be n/(-8) + (-3)/4. Suppose -4*m = -k + 6*k - 32, -h*m - 4*k = -40. What is the units digit of m?
8
Let g = 13 + -24. What is the units digit of (-2)/g - (-1096)/22?
0
Let k(w) = w**2 - w + 10. Let c be (72/(-5 - -1))/(-2). Let o be k(c). Suppose 2*z = -g + 82, -2*z + 0*z + o = 3*g. What is the tens digit of z?
4
Let x = -10 - -21. Let v = 16 - x. Let i = v - -2. What is the units digit of i?
7
Let i = 15 - 13. Let s(b) = 58*b - 2. Let x be s(i). Suppose -4*m - 2*m = -x. What is the units digit of m?
9
Suppose 1512 = 18*o - 14*o. What is the tens digit of o?
7
Let g = -49 - -589. What is the tens digit of g?
4
Let l = 138 - -619. What is the units digit of l?
7
What is the hundreds digit of (-6)/(-9) - 11/(198/(-14874))?
8
Let j(k) = -22*k + 203. What is the hundreds digit of j(-6)?
3
Let z be (155 + 4)/(-3) - 2. Let l be (-1)/(-2) - z/22. Suppose -l*h - 88 = -11*h. What is the tens digit of h?
1
Let b = -1444 - -2750. What is the units digit of b?
6
Let c = 17 + 117. What is the units digit of c?
4
Let s(k) = k - 12 + 2*k - 50*k**3 + 11 - 4*k. Let z be s(-1). Suppose 0 = m - 0*m - z. What is the tens digit of m?
5
Let z(l) = 2*l**2 - 16*l - 34. Suppose -2*k + 16 + 14 = 2*c, -3*k - 5*c = -47. What is the hundreds digit of z(k)?
1
Suppose -27*j = -12*j - 2700. Suppose a + j = 7*a. What is the units digit of a?
0
Let k = -475 + 1065. What is the tens digit of k?
9
Suppose 2310 = 13*p - 7*p. What is the units digit of p?
5
Suppose -3*p - 3*s + 13 + 11 = 0, 0 = p + 2*s - 13. Suppose 12 = 3*g - 6*g, -p*a + 4*g + 103 = 0. What is the units digit of a?
9
Suppose 2*p + 72 = 8*p. What is the units digit of p/54 + (-1)/((-18)/518)?
9
Suppose 3*q = -2 - 1. Let m be q/(9/2 + -4). What is the units digit of 4/m - (-5 + -31)?
4
Let t = -36 - -31. Let j(y) be the second derivative of y**5/20 + 7*y**4/12 - y**3/3 - 3*y**2 - y. What is the units digit of j(t)?
4
What is the units digit of 1 + 1 + -2 + 3 + -1?
2
Suppose 4*f = 4*a + 4808, 3*f - 653 = -5*a + 2937. What is the hundreds digit of f?
2
Let u be -3 - -2 - (-4)/(16/20). Suppose j + 2*x + 29 - 174 = 0, -u*j - x = -615. What is the units digit of j?
5
Let d = -1163 - -2331. What is the hundreds digit of d?
1
Suppose u = 10*u. Suppose u = -34*i + 39*i - 1315. What is the tens digit of i?
6
Let k(m) be the second derivative of 2*m**4/3 - m**3/2 - 6*m. What is the tens digit of k(3)?
6
Suppose 0 = 3*s - 3*m - 1494, 3*s = m - 518 + 2010. What is the units digit of s?
7
Let a = 5279 + -2736. What is the tens digit of a?
4
Let o = 477 - -28. What is the hundreds digit of o?
5
Let s(x) = -4 + 29 - 11 - 19*x + 0. What is the units digit of s(-7)?
7
Suppose -140 = y + 11. Let q = 215 + y. What is the tens digit of q?
6
Let y(p) = 4*p**2 + 3*p - 11. Let z be y(-5). Let h = -2 + z. What is the units digit of h?
2
Suppose -4*w + 490 = -6*w. Let o = -156 - w. What is the units digit of o?
9
Let y be (-51)/(-7) - -3*16/(-168). Suppose 0*b + 1260 = y*b. What is the hundreds digit of b?
1
Let p(i) = i**2 - 2*i + 1. Let y be p(0). What is the units digit of -1 - 2 - (-39)/1*y?
6
Let f be (-12)/(-4) - 120/(-2). Let x be (-48)/(-9)*f/6. Let m = x + -28. What is the tens digit of m?
2
Let f = -8 - -26. What is the hundreds digit of (f/(-27))/(3/(-702))?
1
Suppose h + 4*l = 146, -3*h - 5*l = -9*l - 502. What is the units digit of h?
2
What is the hundreds digit of (-16)/12 - 1441/(-3)?
4
Let t(m) be the third derivative of 1/6*m**4 + 1/120*m**6 + 4*m**2 + 0 + 7/60*m**5 - 5/6*m**3 + 0*m. What is the units digit of t(-6)?
7
Suppose 0 - 2 = n. Let k = n + -7. What is the tens digit of 3/(-2)*150/k?
2
Suppose -3082 = -4*d - 2*n - 634, 3*d - 2*n - 1836 = 0. What is the units digit of d?
2
Let o(c) = -4680*c**3 - 2*c**2 - 3*c - 1. What is the hundreds digit of o(-1)?
6
Let k(f) = -f**3 - 17*f**2 + 18*f - 42. What is the units digit of k(-20)?
8
Suppose -2*y + 51 = -197. What is the hundreds digit of y?
1
What is the thousands digit of ((-1225)/140)/((-3)/1296)?
3
Suppose -6217 = -3*l - d, 2*d - 6*d + 6229 = 3*l. What is the hundreds digit of l?
0
Let o(x) = 49*x**2 + 5*x + 8. Let g be o(-2). Suppose -g*r = -199*r + 145. What is the units digit of r?
9
What is the thousands digit of (-44)/(-4) - (-17 + -4088)?
4
Let c(s) = 16*s**2 + 6*s**3 - 3*s**2 + 3*s + 7 - 7*s**3. Suppose -11*j + 5*j + 78 = 0. What is the tens digit of c(j)?
4
Suppose -3*v + 373 = g, v + 3*v = g - 380. What is the units digit of g?
6
Suppose -z - 17 = -4*l + 7, 3*z - 26 = -2*l. Suppose j - 2040 = -l*j. What is the hundreds digit of j?
2
What is the units digit of 6*((-650)/(-3) + -5)?
0
What is the units digit of (2 + -9)/(31/(-19003))?
1
Let s(u) = -u**3 + 7*u**2 - u + 9. Let p be s(7). Let y be (3/4)/(p/(-40)). What is the units digit of y/(-12) + (-4)/16?
1
Let b(s) = -s - 14. Let k be -3*(-7)/(84/(-32)). Let y be b(k). Let a(t) = -9*t + 5. What is the units digit of a(y)?
9
Let r = -15 + 19. Suppose -j + r = j. What is the units digit of j?
2
Let j = -6 + 8. Suppose 2*a - 200 = -j*a. What is the units digit of a?
0
Suppose 0 = -s - 5*d + 969, -3*d - 4594 + 695 = -4*s. What is the hundreds digit of s?
9
Let m(a) = -2*a**2 - 7*a - 1. Let o be m(-3). Suppose 0 = -o*n + 26 + 442. What is the tens digit of n/4*(-2)/(-3)?
3
Let z be (6/12)/(1/2). Let g = z - -61. What is the units digit of g?
2
What is the units digit of (-3 - -525) + (4 - -2)?
8
Suppose -3*u + 50 = 2*u. Suppose s - u + 2 = 0. What is the tens digit of (-81)/(-4) - (-6)/s?
2
Let x(v) = 14*v + 9. Let s be x(13). Let q = s - 136. What is the tens digit of q?
5
Suppose 0 = -4*n + 133 - 41. Let j = n - 5. What is the tens digit of j?
1
Let z = 718 - 334. What is the units digit of z?
4
What is the hundreds digit of (1/3)/(18/38934)?
7
Suppose 4*a - 7058 = -3*w, 2*a - 10172 = -4*w - 758. What is the units digit of w?
4
Let j be (-1)/(-2) + 3/(-6). Let s be 31/3*(-3 - j). Let z = -11 - s. What is the units digit of z?
0
Let l(n) = n**3 + 9*n*